 prime factors of 597252.
2, 3, 71, 701
What are the prime factors of 11148536?
2, 7, 199081
List the prime factors of 631985.
5, 126397
What are the prime factors of 3505124?
2, 7, 125183
What are the prime factors of 30628?
2, 13, 19, 31
List the prime factors of 250208.
2, 7, 1117
What are the prime factors of 4727010?
2, 3, 5, 19, 8293
List the prime factors of 149908.
2, 11, 3407
List the prime factors of 1108483.
37, 29959
List the prime factors of 2149052.
2, 19, 28277
List the prime factors of 653339.
653339
List the prime factors of 19361034.
2, 3, 7, 11, 61, 229
List the prime factors of 16705169.
13, 17, 269, 281
List the prime factors of 241113.
3, 179, 449
List the prime factors of 808457.
13, 62189
List the prime factors of 22230425.
5, 7, 127031
List the prime factors of 2934793.
43, 131, 521
List the prime factors of 87584.
2, 7, 17, 23
List the prime factors of 8577773.
8577773
What are the prime factors of 9764881?
7, 1394983
What are the prime factors of 1995616?
2, 7, 59, 151
List the prime factors of 146703.
3, 79, 619
What are the prime factors of 311693?
53, 5881
What are the prime factors of 513734?
2, 13, 19759
List the prime factors of 96544.
2, 7, 431
What are the prime factors of 9550462?
2, 4775231
What are the prime factors of 3135722?
2, 19, 179, 461
List the prime factors of 47908.
2, 7, 29, 59
What are the prime factors of 463005?
3, 5, 10289
List the prime factors of 307559.
7, 53, 829
What are the prime factors of 5535382?
2, 167, 16573
List the prime factors of 10473645.
3, 5, 7, 13, 7673
List the prime factors of 187651.
187651
What are the prime factors of 318077?
318077
List the prime factors of 316567.
316567
What are the prime factors of 1005826?
2, 31, 16223
What are the prime factors of 16079742?
2, 3, 7, 59, 103
List the prime factors of 14495908.
2, 7, 517711
What are the prime factors of 1451071?
593, 2447
What are the prime factors of 2789096?
2, 348637
List the prime factors of 2159496.
2, 3, 89, 337
What are the prime factors of 2556615?
3, 5, 170441
List the prime factors of 34806.
2, 3, 5801
List the prime factors of 3902302.
2, 71, 27481
What are the prime factors of 18795289?
18795289
List the prime factors of 1524493.
1524493
List the prime factors of 2979867.
3, 11, 8209
List the prime factors of 4126553.
19, 47, 4621
What are the prime factors of 2682358?
2, 7, 101, 271
What are the prime factors of 13352285?
5, 2670457
What are the prime factors of 1583753?
1583753
What are the prime factors of 143998?
2, 71999
List the prime factors of 21343336.
2, 7, 257, 1483
List the prime factors of 2617934.
2, 11, 19, 6263
List the prime factors of 695321.
11, 63211
List the prime factors of 1140771.
3, 73, 5209
What are the prime factors of 144872?
2, 7, 13, 199
List the prime factors of 564623.
19, 29717
What are the prime factors of 388014?
2, 3, 11, 5879
What are the prime factors of 659086?
2, 157, 2099
List the prime factors of 3883063.
3883063
What are the prime factors of 6066968?
2, 83, 9137
List the prime factors of 965336.
2, 67, 1801
List the prime factors of 4622038.
2, 31, 127, 587
List the prime factors of 348740.
2, 5, 7, 47, 53
What are the prime factors of 8489028?
2, 3, 599, 1181
What are the prime factors of 33054863?
61, 103, 5261
What are the prime factors of 836877?
3, 71, 3929
List the prime factors of 21121.
21121
List the prime factors of 1804563.
3, 19, 61, 173
What are the prime factors of 4177769?
29, 144061
What are the prime factors of 356577?
3, 13, 41, 223
What are the prime factors of 235678?
2, 117839
List the prime factors of 24810502.
2, 67, 185153
List the prime factors of 103402.
2, 13, 41, 97
List the prime factors of 170399.
83, 2053
What are the prime factors of 1558507?
131, 11897
List the prime factors of 76989.
3, 11, 2333
What are the prime factors of 157339?
7, 13, 19
What are the prime factors of 4442991?
3, 7, 211571
What are the prime factors of 4379846?
2, 17, 128819
List the prime factors of 263561.
263561
What are the prime factors of 1001513?
43, 23291
List the prime factors of 254113.
59, 73
What are the prime factors of 3943669?
859, 4591
List the prime factors of 2704986.
2, 3, 103, 1459
What are the prime factors of 565110?
2, 3, 5, 7, 13, 23
What are the prime factors of 348676?
2, 61, 1429
What are the prime factors of 6560937?
3, 728993
What are the prime factors of 15426933?
3, 31, 5351
What are the prime factors of 258209?
7, 36887
What are the prime factors of 838777?
838777
What are the prime factors of 359743?
23, 15641
What are the prime factors of 162744?
2, 3, 6781
List the prime factors of 125024.
2, 3907
What are the prime factors of 339872?
2, 13, 19, 43
What are the prime factors of 11770080?
2, 3, 5, 7, 31, 113
What are the prime factors of 718579?
718579
List the prime factors of 20117.
20117
What are the prime factors of 136572?
2, 3, 19, 599
List the prime factors of 794551.
794551
What are the prime factors of 1679792?
2, 104987
What are the prime factors of 17329514?
2, 8664757
What are the prime factors of 16655449?
16655449
List the prime factors of 2712721.
11, 246611
List the prime factors of 7988532.
2, 3, 97, 6863
What are the prime factors of 2359426?
2, 787, 1499
List the prime factors of 2368065.
3, 5, 7, 19, 1187
What are the prime factors of 4169965?
5, 31, 26903
List the prime factors of 235887.
3, 61, 1289
What are the prime factors of 13741896?
2, 3, 7, 157, 521
List the prime factors of 2189884.
2, 547471
What are the prime factors of 48567?
3, 16189
What are the prime factors of 3077589?
3, 653, 1571
List the prime factors of 774580.
2, 5, 38729
What are the prime factors of 834809?
834809
What are the prime factors of 1191914?
2, 595957
List the prime factors of 1149486.
2, 3, 13, 14737
List the prime factors of 1681135.
5, 336227
List the prime factors of 68298.
2, 3, 11383
List the prime factors of 31264.
2, 977
List the prime factors of 1507330.
2, 5, 11, 71, 193
What are the prime factors of 16892?
2, 41, 103
List the prime factors of 2487773.
2487773
List the prime factors of 605300.
2, 5, 6053
What are the prime factors of 4204092?
2, 3, 19, 18439
What are the prime factors of 118276?
2, 29569
What are the prime factors of 1274?
2, 7, 13
List the prime factors of 481265.
5, 101, 953
What are the prime factors of 5204093?
61, 85313
What are the prime factors of 317006?
2, 31, 5113
List the prime factors of 3756572.
2, 113, 8311
What are the prime factors of 287606?
2, 11, 17, 769
List the prime factors of 208239.
3, 41, 1693
List the prime factors of 997882.
2, 107, 4663
What are the prime factors of 1398865?
5, 13, 21521
List the prime factors of 145969.
145969
What are the prime factors of 2168701?
2168701
List the prime factors of 4020870.
2, 3, 5, 7, 41, 467
What are the prime factors of 192541?
31, 6211
List the prime factors of 139166.
2, 149, 467
List the prime factors of 1845110.
2, 5, 184511
List the prime factors of 124244.
2, 89, 349
List the prime factors of 432704.
2, 6761
What are the prime factors of 17300860?
2, 5, 865043
List the prime factors of 18023398.
2, 23, 467, 839
What are the prime factors of 416548?
2, 11, 9467
What are the prime factors of 3552395?
5, 7, 11, 9227
What are the prime factors of 975739?
975739
What are the prime factors of 859092?
2, 3, 13, 5507
What are the prime factors of 1683386?
2, 53, 15881
What are the prime factors of 10260268?
2, 2565067
What are the prime factors of 4170787?
431, 9677
List the prime factors of 8880484.
2, 23, 96527
List the prime factors of 1075195.
5, 11, 113, 173
List the prime factors of 1720132.
2, 107, 4019
What are the prime factors of 2560672?
2, 80021
What are the prime factors of 24208511?
1123, 21557
List the prime factors of 1458002.
2, 7, 13, 8011
List the prime factors of 325479.
3, 7, 11, 1409
What are the prime factors of 127156?
2, 83, 383
List the prime factors of 4065856.
2, 17, 37, 101
What are the prime factors of 147079?
19, 7741
What are the prime factors of 13367483?
211, 63353
List the prime factors of 3361159.
139, 24181
What are the prime factors of 7588156?
2, 61, 137, 227
List the prime factors of 1007893.
19, 53047
What are the prime factors of 608934?
2, 3, 101489
What are the prime factors of 504